
2, 3, 10331
List the prime factors of 6126.
2, 3, 1021
What are the prime factors of 5297?
5297
List the prime factors of 886.
2, 443
What are the prime factors of 7493?
59, 127
What are the prime factors of 6172?
2, 1543
List the prime factors of 2930.
2, 5, 293
What are the prime factors of 1065?
3, 5, 71
What are the prime factors of 1684?
2, 421
What are the prime factors of 23484?
2, 3, 19, 103
What are the prime factors of 49590?
2, 3, 5, 19, 29
List the prime factors of 16511.
11, 19, 79
What are the prime factors of 602?
2, 7, 43
List the prime factors of 4321.
29, 149
What are the prime factors of 10630?
2, 5, 1063
What are the prime factors of 94959?
3, 3517
What are the prime factors of 11561?
11, 1051
What are the prime factors of 26447?
53, 499
What are the prime factors of 4965?
3, 5, 331
What are the prime factors of 4900?
2, 5, 7
List the prime factors of 38172.
2, 3, 3181
What are the prime factors of 2468?
2, 617
What are the prime factors of 18782?
2, 9391
What are the prime factors of 7067?
37, 191
What are the prime factors of 52474?
2, 26237
List the prime factors of 29972.
2, 59, 127
What are the prime factors of 8087?
8087
List the prime factors of 116667.
3, 29, 149
List the prime factors of 5908.
2, 7, 211
List the prime factors of 25918.
2, 12959
What are the prime factors of 71977?
167, 431
List the prime factors of 20530.
2, 5, 2053
List the prime factors of 15836.
2, 37, 107
What are the prime factors of 47800?
2, 5, 239
List the prime factors of 829.
829
What are the prime factors of 14432?
2, 11, 41
List the prime factors of 1721.
1721
What are the prime factors of 22020?
2, 3, 5, 367
What are the prime factors of 9342?
2, 3, 173
List the prime factors of 857.
857
List the prime factors of 343.
7
What are the prime factors of 224?
2, 7
List the prime factors of 1296.
2, 3
List the prime factors of 3870.
2, 3, 5, 43
List the prime factors of 8796.
2, 3, 733
What are the prime factors of 27370?
2, 5, 7, 17, 23
What are the prime factors of 866?
2, 433
List the prime factors of 2388.
2, 3, 199
What are the prime factors of 1333?
31, 43
List the prime factors of 795.
3, 5, 53
What are the prime factors of 22256?
2, 13, 107
List the prime factors of 1649.
17, 97
List the prime factors of 2293.
2293
What are the prime factors of 24515?
5, 4903
List the prime factors of 17726.
2, 8863
List the prime factors of 67147.
83, 809
What are the prime factors of 1907?
1907
What are the prime factors of 12433?
12433
List the prime factors of 602.
2, 7, 43
What are the prime factors of 11208?
2, 3, 467
What are the prime factors of 134778?
2, 3, 7, 3209
List the prime factors of 75293.
17, 43, 103
List the prime factors of 2726.
2, 29, 47
List the prime factors of 3745.
5, 7, 107
What are the prime factors of 37985?
5, 71, 107
List the prime factors of 789.
3, 263
List the prime factors of 799.
17, 47
List the prime factors of 8603.
7, 1229
What are the prime factors of 3705?
3, 5, 13, 19
What are the prime factors of 161?
7, 23
What are the prime factors of 29093?
47, 619
What are the prime factors of 88196?
2, 17, 1297
List the prime factors of 6263.
6263
List the prime factors of 577.
577
What are the prime factors of 11663?
107, 109
What are the prime factors of 1254?
2, 3, 11, 19
What are the prime factors of 1688?
2, 211
What are the prime factors of 1548?
2, 3, 43
List the prime factors of 826.
2, 7, 59
What are the prime factors of 954?
2, 3, 53
What are the prime factors of 183?
3, 61
List the prime factors of 13957.
17, 821
What are the prime factors of 4741?
11, 431
List the prime factors of 22665.
3, 5, 1511
List the prime factors of 3379.
31, 109
List the prime factors of 31773.
3, 7, 17, 89
What are the prime factors of 4523?
4523
List the prime factors of 11706.
2, 3, 1951
What are the prime factors of 35486?
2, 11, 1613
List the prime factors of 4051.
4051
What are the prime factors of 7919?
7919
What are the prime factors of 200276?
2, 50069
What are the prime factors of 1533?
3, 7, 73
What are the prime factors of 50170?
2, 5, 29, 173
List the prime factors of 1000.
2, 5
What are the prime factors of 1334?
2, 23, 29
List the prime factors of 13557.
3, 4519
What are the prime factors of 786?
2, 3, 131
List the prime factors of 132.
2, 3, 11
List the prime factors of 31860.
2, 3, 5, 59
What are the prime factors of 13378?
2, 6689
List the prime factors of 1056.
2, 3, 11
What are the prime factors of 91292?
2, 29, 787
What are the prime factors of 3431?
47, 73
List the prime factors of 40063.
40063
What are the prime factors of 12437?
12437
List the prime factors of 597.
3, 199
What are the prime factors of 118658?
2, 79, 751
List the prime factors of 78.
2, 3, 13
List the prime factors of 43873.
73, 601
List the prime factors of 27475.
5, 7, 157
What are the prime factors of 49828?
2, 12457
What are the prime factors of 9455?
5, 31, 61
What are the prime factors of 995?
5, 199
What are the prime factors of 3528?
2, 3, 7
What are the prime factors of 24703?
7, 3529
What are the prime factors of 13074?
2, 3, 2179
What are the prime factors of 1199?
11, 109
List the prime factors of 1453.
1453
List the prime factors of 14858.
2, 17, 19, 23
List the prime factors of 8456.
2, 7, 151
List the prime factors of 44658.
2, 3, 827
What are the prime factors of 51828?
2, 3, 7, 617
List the prime factors of 1724.
2, 431
List the prime factors of 8911.
7, 19, 67
List the prime factors of 111489.
3, 7, 5309
What are the prime factors of 30702?
2, 3, 7, 17, 43
What are the prime factors of 11422?
2, 5711
What are the prime factors of 17920?
2, 5, 7
What are the prime factors of 1036?
2, 7, 37
What are the prime factors of 128?
2
What are the prime factors of 14692?
2, 3673
List the prime factors of 2817.
3, 313
What are the prime factors of 842?
2, 421
What are the prime factors of 29192?
2, 41, 89
List the prime factors of 682.
2, 11, 31
List the prime factors of 3305.
5, 661
What are the prime factors of 10196?
2, 2549
What are the prime factors of 8300?
2, 5, 83
What are the prime factors of 2644?
2, 661
List the prime factors of 3147.
3, 1049
List the prime factors of 2085.
3, 5, 139
List the prime factors of 11918.
2, 59, 101
List the prime factors of 42969.
3, 14323
List the prime factors of 29273.
73, 401
What are the prime factors of 10816?
2, 13
List the prime factors of 2978.
2, 1489
What are the prime factors of 10804?
2, 37, 73
List the prime factors of 2429.
7, 347
List the prime factors of 18881.
79, 239
What are the prime factors of 16455?
3, 5, 1097
List the prime factors of 3716.
2, 929
What are the prime factors of 75117?
3, 7, 73
List the prime factors of 119755.
5, 43, 557
List the prime factors of 140846.
2, 70423
What are the prime factors of 3152?
2, 197
List the prime factors of 3883.
11, 353
What are the prime factors of 98893?
98893
What are the prime factors of 914?
2, 457
List the prime factors of 1283.
1283
What are the prime factors of 489?
3, 163
List the prime factors of 3837.
3, 1279
What are the prime factors of 7761?
3, 13, 199
List the prime factors of 2769.
3, 13, 71
What are the prime factors of 4511?
13, 347
What are the prime factors of 9407?
23, 409
List the prime factors of 1955.
5, 17, 23
What are the prime factors of 51370?
2, 5, 11, 467
List the prime factors of 1767.
3, 19, 31
List the prime factors of 6293.
7, 29, 31
What are the prime factors of 13526?
2, 6763
List the prime factors of 13654.
2, 6827
What are the prime factors of 12505?
5, 41, 61
List the prime factors of 59.
59
What are the prime factors of 370?
2, 5, 37
List the prime factors of 3910.
2, 5, 17, 23
List the prime factors of 16296.
2, 3, 7, 97
What are the prime factors of 20?
2, 5
What are the prime factors of 13664?
2, 7, 61
List the prime factors of 30431.
30431
What are the prime factors of 20958?
2, 3, 7, 499
List the prime factors of 6265.
5, 7, 179
List the prime factors of 1755.
3, 5, 13
What are the prime factors of 78550?
2, 5, 1571
List the prime factors of 2092.
2, 523
What are the prime factors of 16135?
5, 7, 461
List the prime factors of 24520.
2, 5, 613
What are the prime factors of 5774?
2, 2887
List the prime factors of 2122.
2, 1061
List the prime factors of 2916.
2, 3
What are the prime fa